tors of v?
2, 67
What are the prime factors of (-5602)/28*(13 + 132/(-8))*8?
2, 2801
Let b(p) = 75*p + 15197. List the prime factors of b(-117).
2, 13, 19
Suppose -2*j + 3*l - 234 = 0, -j - 3*j + l - 468 = 0. Let x = 1 - 1. List the prime factors of -1*(j - -2 - x).
5, 23
Suppose 0 = 23*r - 627720 + 164638. List the prime factors of r.
2, 10067
Let d = -1110 - -1599. Suppose 0 = 19*i - 20*i + d. List the prime factors of i.
3, 163
Let h(g) = 6*g - 23*g**2 - g + g - 20 + 34 + 175*g**2. What are the prime factors of h(-2)?
2, 5, 61
Let m(l) = l**2 + 18*l - 118. Let w be ((-190)/285)/(1/(-102)*-2). What are the prime factors of m(w)?
2, 3, 71
Let q = 6865 + -3534. List the prime factors of q.
3331
Suppose -4*f + 79631 = -34625. List the prime factors of f.
2, 37, 193
Let u = 26009 - 9640. What are the prime factors of u?
16369
Suppose -3*g + 2*k = -g, -3*k = 4*g - 14. Suppose 2 + 6 = g*n, -2*n = 3*y - 3797. What are the prime factors of y?
3, 421
List the prime factors of 13/(-4) + (-905198)/(-56).
3, 5387
Let w = 9050 - 5982. List the prime factors of w.
2, 13, 59
Let y(n) be the third derivative of -n**5/60 + 2*n**4/3 + 2*n**3/3 + 8*n**2. Let u be y(16). Suppose 170 = g + u*g. What are the prime factors of g?
2, 17
Let o(c) = 14*c**2 - 34*c + 21. Let g be o(35). Suppose -g = -18*k + 9345. List the prime factors of k.
3, 7, 67
List the prime factors of (-25 + -66185)*-1*5/10.
3, 5, 2207
Let k(l) = 127*l**2 + 5*l + 8. List the prime factors of k(4).
2, 5, 103
Suppose 6*j + 5941 - 36691 = 0. What are the prime factors of j?
5, 41
What are the prime factors of (-674748)/(-20) - (1/9 + 442/1530)?
11, 3067
Let k = 181 - 163. Suppose 29*m - 3432 = k*m. What are the prime factors of m?
2, 3, 13
Let n(p) = -2*p**3 - 36*p**2 + p - 34. What are the prime factors of n(-28)?
2, 3, 19, 137
Suppose 2*r = 5 + 3, 0 = -5*x - 2*r + 22613. What are the prime factors of x?
3, 11, 137
Let a be (12/10)/(-3) + (-135)/(-25). Suppose -1885 = -a*d - 4*n, 2*d - n - 1487 = -2*d. Suppose d + 79 = 2*k. What are the prime factors of k?
2, 113
Let j be -4 + 0 + 54 + 7. Let d = j + 181. What are the prime factors of d?
2, 7, 17
Suppose 7*v = -536 + 571, -4*f - 3*v + 86371 = 0. List the prime factors of f.
21589
Suppose 4*g = 4*b + 3*g - 31, 36 = 3*b - 5*g. Let m be b/(-35) - 782/(-10). Suppose -6*i + 8*i = m. What are the prime factors of i?
3, 13
Let s be (-48*1/5)/((-4)/20). Suppose -4*c - y = -0*y + 116, -2*c - s = 3*y. Let w = 119 + c. What are the prime factors of w?
89
Suppose 3230295 = 219*g - 371643 - 2110458. List the prime factors of g.
2, 6521
Let i = -6972 - -32440. What are the prime factors of i?
2, 6367
Let d be 2 - (3/(-4) + 54/(-24)). Suppose d*s = -s + 2502. List the prime factors of s.
3, 139
Let c(z) = -z**3 + 27*z**2 + 59*z - 36. Let l be c(29). What are the prime factors of 1/(l + 5)*-310?
5, 31
Let s be 9*(3 + -4 - -5)*-1. List the prime factors of (-5515)/(-9) + 2 + (-8)/s.
3, 5, 41
Suppose 5*j = 4*a - 10, -37*j + 35 = -32*j + 5*a. Suppose j*i - g - 1005 = 330, 0 = g - 1. What are the prime factors of i?
2, 167
Suppose 12*y = 12*y - 24*y + 556008. What are the prime factors of y?
23167
Suppose 76*i = 12*i + 225536. What are the prime factors of i?
2, 881
Suppose -27236 = -5*j + 5*i + 15489, -i = 3*j - 25635. List the prime factors of j.
5, 1709
Let z = -12752 - -19632. List the prime factors of z.
2, 5, 43
Suppose -u + 40 - 58 = -5*m, -4*m + 5*u + 6 = 0. List the prime factors of 141 - 2/m*-10.
2, 73
Let s(g) = g**3 - 3*g**2 - 5*g + 11. Let a be s(5). Suppose -q = -4*q - a. Let z = q - -80. List the prime factors of z.
2, 17
Let p(q) be the second derivative of -12*q - 11/6*q**3 + 1/4*q**4 + 0 - 11*q**2. What are the prime factors of p(9)?
2, 61
Let t(v) = v**3 - 12*v**2 - 2*v - 3. Let g be t(13). Let a(y) = 146 + y + 2*y - y - g. List the prime factors of a(24).
2, 3
Let a(l) = l**2 - 8*l - 30. Let h = -53 - -62. Suppose -h*v - 50 = -4*v. What are the prime factors of a(v)?
2, 3, 5
Let m = 33846 - 24306. What are the prime factors of m?
2, 3, 5, 53
Let a = 1771 - 1728. List the prime factors of a.
43
Suppose 0*c = 4*c + 5*w, 3*c = 3*w + 27. Suppose -c*o = -j - 5, -3*o + 78 = -5*j + 9. Let t = j + 60. What are the prime factors of t?
3, 5
Suppose 0 = -3*v + 3*u + 2889, -2*v + 3*u = -7*v + 4807. Suppose 5*i + v = 2*p, 4*p + 90*i - 88*i = 1900. List the prime factors of p.
2, 7, 17
Let a = 20437 - 11348. What are the prime factors of a?
61, 149
Let w = -160 - -162. Suppose -w*h = -x + 646, -4*x - 5*h = -2761 + 203. List the prime factors of x.
2, 3, 107
Let j be 9/6 + 35/10 + -5. Suppose -12*u + 61 - 13 = j. Suppose 0 = 5*z + 5*a - 1248 + 523, -a + 571 = u*z. List the prime factors of z.
2, 71
Suppose 0 = -5*d - 4*z + 7789 + 2757, -14769 = -7*d - z. What are the prime factors of d?
2, 5, 211
Suppose -8*a + 5*x = -5*a + 5, -3*a = -4*x + 1. Suppose -a*k + 443 = 2*o, 8*o - 4*o + 2*k = 862. What are the prime factors of o?
2, 107
Suppose -q - 59 = -3*u, 2*u + 4*q = 2*q + 50. Suppose 2*p = 255 + u. Suppose 0 = -b - 4*g + p, -g + 3*g - 10 = 0. List the prime factors of b.
2, 59
Suppose 5*c + 5*t - 55315 = 0, -c + 66*t = 62*t - 11078. What are the prime factors of c?
2, 11, 503
Suppose 5*b + f = -f + 741, 3*f + 6 = 0. Let u = -35 + b. Suppose -3*d = -d - 3*h - u, 4*d - 3*h = 216. List the prime factors of d.
3, 17
Let m(q) = 8*q**2 + 4*q + 21. Let b be m(-3). Let c = b - 3. What are the prime factors of c?
2, 3, 13
Suppose -4*q - 3*k = -47538, 0 = 4*q + 2*k - 53560 + 6020. What are the prime factors of q?
2, 3, 7, 283
Let p = 59993 - -32890. List the prime factors of p.
3, 7, 4423
Let q(j) = -j**2 - 622. Let v(h) = -h**3 - 2*h**2 - 1245. Let t(d) = -5*q(d) + 2*v(d). Let o be t(0). Suppose -128 - o = -11*b. List the prime factors of b.
2, 17
Suppose -5*k - 5*t - 920 = 0, -4*t - 12 = 4. Let q = 144 - k. List the prime factors of (4/6)/(9/q) - -2.
2, 13
Suppose 0 = -119*j + 1844561 - 262218. What are the prime factors of j?
13297
Let m be 2*3/(-9)*-6. Let k be 10 + -3 + 3 - 6. Suppose 3*v - k*x - 340 = 0, 0*v = 3*v + m*x - 380. List the prime factors of v.
2, 3, 5
Suppose 2*m + 35 = -4*w - 79, 0 = m + 1. Let i(o) = -2*o - 14. List the prime factors of i(w).
2, 3, 7
Let s = 41 - 89. Let f = -83 - s. Let l = 69 - f. List the prime factors of l.
2, 13
Let r(a) be the second derivative of 2*a**3/3 + 531*a. Let w be (-2)/7 + 228/14. List the prime factors of r(w).
2
What are the prime factors of 0/(-7 + 0) + 13560/5?
2, 3, 113
Suppose 0 = 12*i + 147 - 579. Suppose i*k = 8009 + 12115. What are the prime factors of k?
13, 43
Let w(r) = 5*r**2 - 9 + 11 + 6*r + 26. What are the prime factors of w(-5)?
3, 41
Let c(g) = -39*g**3 + 20*g**2 + 36*g + 98. What are the prime factors of c(-7)?
7, 2029
Let i(t) = t**3 + 96*t**2 + 148*t - 1471. List the prime factors of i(-91).
2, 3, 11, 401
Let h be (-5)/4 + (-3237)/(-4). Suppose 240 = -8*a + h. What are the prime factors of a?
71
Suppose -7*v = v - 5696. Suppose y + 4*p - v = -p, 3*y - 2086 = -5*p. What are the prime factors of y?
3, 229
Suppose -6*v + 4283 = 1049. Suppose 5*o = -k + v, 3*k + 0*k + 5*o = 1647. What are the prime factors of 1/(-2) - k/(-4)?
2, 3, 23
Let c = 3873 + -475. Suppose u = 2*v + 1869, -5*u + 5968 + c = -3*v. List the prime factors of u.
3, 5
Let c be 3160/(-4)*20/(-50). Suppose -a + 2*a - 73 = -2*z, -4*z = -4*a + c. List the prime factors of a.
7, 11
Suppose 0 = 5*o - 26 + 16. Suppose -10 = -3*q + 4*x, o*q + x = -q + 5. Suppose -q*m = -5*m - 3*i + 87, -m = 4*i - 20. What are the prime factors of m?
2
Let v(y) = 5*y**2 + 361*y + 6. What are the prime factors of v(-125)?
2, 3, 5501
Let g be 1*(-939)/(-6)*-2. Let f = g - -658. List the prime factors of f.
3, 5, 23
Let w be 4/(-36)*2 + (-16)/9. List the prime factors of 1/w - (-5 + (-3450)/12).
2, 73
What are the prime factors of (20 - (-58)/(-3))*50745?
2, 5, 17, 199
Let o(y) = -24*y + 29. Let k(g) = -120*g + 144. Let u(p) = 2*k(p) - 11*o(p). Let h be u(12). Let a = -147 + h. List the prime factors of a.
2, 5, 11
Let l = 19588 - 8655. What are the prime factors of l?
13, 29
Suppose 25030*d = 25022*d + 264872. What are the prime factors of d?
113, 293
Let a be (-6)/(-15) + 1036/10. Suppose -32 = 4*o + a. Let b = o + 56. What are the prime factors of b?
2, 1